= 0. What is the remainder when w is divided by 7?
0
Let j = 6 - 12. What is the remainder when j/9*(-105)/2 is divided by 18?
17
What is the remainder when 670/12 + 2/12 is divided by 29?
27
Let v = -23 + 35. Let t = -49 - -84. Calculate the remainder when t is divided by v.
11
Suppose -l = -x + 3, -3*x + 2*l = -0*l - 9. Suppose -i + 41 = x*y, -i - y + 2*y = -37. What is the remainder when i is divided by 20?
18
What is the remainder when 20 is divided by (-3 + 0)*(-242)/66?
9
Let n(r) = 8*r - 22. Let i be (-18)/(-14)*(-4 - -11). Suppose -5*s = -3*j + 93, 5*s - 146 = -4*j - 57. Calculate the remainder when n(i) is divided by j.
24
Let o be 0/(-2)*(-1)/(-2). Suppose o = -3*h - 0*h + 42. What is the remainder when h is divided by 5?
4
Let z = -90 + 274. Calculate the remainder when z/10*5/2 is divided by 24.
22
Let r = -28 + 65. What is the remainder when r is divided by 13?
11
Let z = 569 - 564. Calculate the remainder when (2 - 26)*6/(-8) is divided by z.
3
Suppose -103 + 7 = -3*a. Calculate the remainder when 125 is divided by a.
29
Suppose -2*a + 12 - 2 = 0. Let k(u) = -u**3 + 7*u**2 - 8*u + 4. What is the remainder when k(a) is divided by 4?
2
Suppose -w - 2*w + 4*h + 78 = 0, 0 = -3*w + 3*h + 75. Calculate the remainder when w is divided by 12.
10
Suppose -4 = o, -f + 5*f - 5*o - 88 = 0. Let u be 3/2*10/15. Let k(m) = 48*m**3 + m. Calculate the remainder when k(u) is divided by f.
15
Suppose 6*b = 33 + 99. What is the remainder when 153 is divided by b?
21
Let o(q) = 26*q + 1. Let j(w) = 130*w + 4. Let t(k) = 3*j(k) - 14*o(k). Calculate the remainder when 93 is divided by t(1).
21
Let w(i) = i**3 + 3*i**2 - 22*i + 13. Calculate the remainder when 145 is divided by w(-6).
34
Suppose -5*x = -2*x - 459. What is the remainder when x is divided by 39?
36
Let t = 62 - 37. Suppose -2*y - 30 = -5*y. Let w = t - y. What is the remainder when 29 is divided by w?
14
Let f = -126 - -145. Let t(y) = y**2 - 5. Calculate the remainder when f is divided by t(-4).
8
Let w(c) = c**3 + 7*c**2 - 11*c + 4. Let m be w(-8). Suppose 25 - 81 = -5*j + r, -m = -j - 4*r. What is the remainder when 23 is divided by j?
11
Suppose 2*q + 3*q = -3*v - 21, 4*v - 5*q - 7 = 0. Let s be 1/(1/(-4)*v). Suppose -s*j + 4*j - 28 = 0. What is the remainder when 27 is divided by j?
13
Let n(t) = -t**2 - 3*t + 4. Let x be n(-3). Suppose x*w = 5*r - 68, -3*w + 51 = 3*r - 2*w. Calculate the remainder when 31 is divided by r.
15
Let a(j) = 5*j - 5. Let o(s) = -9*s + 10. Let f(r) = -5*a(r) - 3*o(r). Let y be f(4). Suppose y*g = 6*g - 36. What is the remainder when 34 is divided by g?
10
Let q(n) = 10*n - 1. Let v(w) = w**2 - 7. Let y be v(3). What is the remainder when q(4) is divided by (4 - -1)/(y/4)?
9
Suppose 4 = -2*n, 7 = -5*l - 0*l + 4*n. What is the remainder when 57 is divided by ((-4)/l)/((-1)/(-9))?
9
Let z = 8 + -4. Suppose 0 = -z*h + 2*h + 22. What is the remainder when 31 is divided by h?
9
Let b(v) be the third derivative of -v**2 - 1/24*v**4 + 0*v + 8/3*v**3 + 0. What is the remainder when b(7) is divided by 5?
4
Calculate the remainder when 14 is divided by (8 - 4)*(-10)/(-8).
4
What is the remainder when 32 is divided by 16*((-9)/(-12) + 0)?
8
Let w = 31 + -14. Let p = 50 - 34. Suppose 14 = 5*s - p. Calculate the remainder when w is divided by s.
5
Suppose -5*s + 2*s - 6 = 0. Let v = s - -6. Calculate the remainder when 10 is divided by v.
2
Let v(l) = -8*l**3 - 2*l**2 + l + 4. Calculate the remainder when v(-2) is divided by 10.
8
Let n(s) = s - 1. Suppose 35 = -207*c + 214*c. Calculate the remainder when c is divided by n(3).
1
Let h(x) = x - 6. Let y = 22 - 15. What is the remainder when 2 is divided by h(y)?
0
Calculate the remainder when 106 is divided by 6/45 + (-1614)/(-45).
34
Let d(m) = -2*m - 10. Let q(y) = -y**2 + 7*y - 4. Let k be q(6). Suppose 4*o - 3*w - 62 = -o, 4 = k*o + 4*w. Calculate the remainder when o is divided by d(-7).
2
Let g(j) = -2*j - 12. Let c be g(-7). What is the remainder when 1*c/((-2)/(-13)) is divided by 7?
6
Suppose 5*b - 47 = 3. Calculate the remainder when (-1)/(1/(-29))*1 is divided by b.
9
Let u = -3 - -17. What is the remainder when u is divided by 8?
6
Suppose -c = 2*c - 9. Let h(n) be the third derivative of n**6/120 - n**5/12 + n**4/24 + n**2. What is the remainder when h(5) is divided by c?
2
What is the remainder when 37 is divided by 1/(3*(-3)/(-171))?
18
Suppose -3*g - 4*m + 150 = 0, g - 4*m - 200 = -3*g. What is the remainder when g is divided by 17?
16
Suppose -6*l + 30 = -l. Let k(r) = 2*r - 7. What is the remainder when (-2)/(-4) - (-51)/6 is divided by k(l)?
4
Suppose -34 = -3*t - 2*v + 11, 4*t = 2*v + 46. What is the remainder when 21/42 + (-194)/(-4) is divided by t?
10
Suppose 0 = -q + 3*q + 12. Let a be (-3 + 6)/((-1)/q). Let t = 0 + a. Calculate the remainder when t is divided by 10.
8
Suppose -l + 0*l - 5*s - 10 = 0, l = 3*s + 6. Let o(u) = l*u + 2*u + 3 - u + u**2. Calculate the remainder when 25 is divided by o(-3).
7
Let t = 6 - -6. Calculate the remainder when 42 is divided by t.
6
Let r be 394/10 + 12/20. Let f = r - 22. Calculate the remainder when f is divided by 7.
4
Suppose 0 = 4*b - 17 - 171. Suppose 4*a - b = 13. What is the remainder when a is divided by 9?
6
Suppose 28 = 3*f + 4. What is the remainder when f is divided by 7?
1
Let l(p) = p**3 - p**2 - 3*p. What is the remainder when 52 is divided by l(3)?
7
Let u(a) = -5*a**3 + 2*a**2 + a - 1. Let j be u(2). Let i = j - -44. What is the remainder when i is divided by 5?
3
Let r = -53 + 178. Suppose 3*o + 9 = 0, -5*o = -g - 0*g + r. Suppose 5*d = -0*d + g. Calculate the remainder when d is divided by 8.
6
Let y = -18 + 29. Suppose 0 = -y*b + 14*b - 135. What is the remainder when b is divided by 24?
21
Let b(h) be the third derivative of 0 + 0*h - 1/3*h**4 + 7/6*h**3 - 4*h**2. Calculate the remainder when b(-5) is divided by 12.
11
Let t(m) = -m**2 - m. Let l(b) = 6*b**2 + 3*b. Let d(s) = l(s) + 4*t(s). What is the remainder when d(3) is divided by 6?
3
Let p(m) = 1 + 4*m + 7*m + 0. Let n be p(4). Suppose 3 - n = -3*y. What is the remainder when 41 is divided by y?
13
Let d(o) = o**3 - 20*o**2 + 39*o - 35. What is the remainder when 47 is divided by d(18)?
9
Let i(y) = -y**2 - 7*y. Let c be i(-8). Let v(t) = -t - 8. Let h be v(c). Suppose h = r + 2*r - 78. What is the remainder when r is divided by 9?
8
Let j(f) = -4*f**3 - 2*f**2 + 1. Let q be j(-1). Suppose q*v = v + 8. Calculate the remainder when v is divided by 2.
0
Suppose -60 - 69 = -k. Let z = -14 - -14. Suppose z = -4*q - 25 + k. Calculate the remainder when q is divided by 9.
8
Suppose -13*x - 375 = -18*x. Calculate the remainder when x is divided by 19.
18
Suppose -93 = -2*x - x. Let n = -194 + 285. What is the remainder when n is divided by x?
29
Let f(g) = 34*g**2 - 2*g + 1. Suppose -3*n = -c - 11, c + n = -3*c + 8. Calculate the remainder when f(c) is divided by 17.
16
Let n(y) = 24*y - 2. Let p(q) = 25*q - 3. Let w(l) = -5*n(l) + 4*p(l). Calculate the remainder when w(-1) is divided by 7.
4
Let x = -25 + -21. Let v be x/6*-2*-3. Calculate the remainder when 17 is divided by v/(-8) + (-2)/(-8).
5
Let v be (-1)/((-5)/2 + 2). Suppose -4*q - v*f = -32, -3*f + 1 - 9 = -2*q. Suppose 2*b + 4*c = -6, -1 - 2 = c. What is the remainder when q is divided by b?
1
Let b(k) = 5*k**2 - 2*k - 4. Let f(z) = 22*z**2 + 14. Let w(g) = -7*g**2 - 5. Let y(m) = 4*f(m) + 11*w(m). What is the remainder when b(3) is divided by y(1)?
11
Let s = 9 - 15. Let l = s - -18. What is the remainder when 33 is divided by l?
9
Let b = 18 + -3. Calculate the remainder when b is divided by 9.
6
What is the remainder when 74 is divided by ((-56)/(-35))/(2/25)?
14
What is the remainder when (-14 - -16)*2/4*13 is divided by 9?
4
Let x = 27 - 16. What is the remainder when 30 - (-1 - 0/(-2)) is divided by x?
9
Let h = 31 + 42. Calculate the remainder when h is divided by 38.
35
Let u = -279 + 325. Let f(g) = g**3 - g**2 + 3*g + 1. Let x be f(3). Let k = x - 16. What is the remainder when u is divided by k?
10
Let m(h) = -h**3 - 12*h**2 + 12*h + 3. Calculate the remainder when 77 is divided by m(-13).
13
Suppose 0 = -t + 4 - 1. Suppose i = 2*i - 1. What is the remainder when (i/2)/((-4)/(-80)) is divided by t?
1
Let i(w) = -